lculate the remainder when 68 is divided by j.
14
Calculate the remainder when 127 is divided by (-2*6)/(54/(-144)).
31
Let p be 238/(-4) - 5/10. Let c(j) = j**2 + 3*j + 2. Calculate the remainder when p/(-27) - 6/27 is divided by c(-3).
0
Suppose 3*g - 4*o - 48 = -2*g, 6 = 2*o. What is the remainder when 18 is divided by g?
6
Suppose 5*j = -0*j + 20. Suppose 0 = -0*d - 2*d - 4, 3*v + j*d = 67. What is the remainder when v is divided by 13?
12
Let g(c) = 5*c - 11. Calculate the remainder when 8 is divided by g(3).
0
Let g = 4 + -3. Suppose -5*a + 21 = g. Suppose 2*x - a - 4 = 0. What is the remainder when 10 is divided by x?
2
Calculate the remainder when 119 is divided by (-2 - -3)*7*(-72)/(-21).
23
Suppose 0*y = 4*y - 60. Suppose -5*u + 0*u + y = 0. Suppose 0 = -u*l + 4*l - 11. Calculate the remainder when l is divided by 7.
4
Suppose -4*n + 6 = -2*n. Let l(w) = 2*w**3 - w**2 - 2. What is the remainder when l(n) is divided by 11?
10
Suppose -86 = -0*l - l. Let v = l + -21. What is the remainder when v is divided by 17?
14
Suppose 0 = -3*c + 6*c - 9. Suppose -p + 4 + 3 = -2*m, -5*p + 4*m + 23 = 0. Calculate the remainder when (-2)/(-3) + 19/c is divided by p.
1
Suppose 66 = -3*b + 576. Suppose b = 3*i + 2*i. Let j(z) = -z**2 + 12. Calculate the remainder when i is divided by j(0).
10
Let o(x) = 7*x**2 - 7*x - 6. Calculate the remainder when o(4) is divided by (-10*1)/(2/(-4)).
18
Let h(a) = -a**2 - 3*a + 4. Calculate the remainder when 5 is divided by h(-3).
1
Let z(c) = -c**3 + 7*c**2 - 4*c - 2. Calculate the remainder when (-1 + 0)*19/(-1) is divided by z(6).
9
Let w(i) = -i**2 + 5*i + 2. Let u be w(5). Suppose u*h - 9 = 37. Calculate the remainder when h is divided by 12.
11
Let y = 0 - -15. What is the remainder when y is divided by 8?
7
Suppose 14*h = 9*h + 75. What is the remainder when 29 is divided by h?
14
Suppose o + 4*o - 2*i - 73 = 0, -2*o - 5*i + 6 = 0. Let x(z) = 16*z + 1. Calculate the remainder when x(3) is divided by o.
10
Let u(i) = 23*i + 2. Calculate the remainder when u(1) is divided by -3 - (-4 - -38)/(-2).
11
Let s = 0 - -2. Suppose 5*z - 4 = -3*y - y, 8 = -2*y. What is the remainder when z is divided by s?
0
Let u(b) = -2*b**3 - 6*b**2 + 2. Suppose 3*c + 4 = 2*c. What is the remainder when u(c) is divided by 12?
10
Suppose -5*k = -616 + 11. What is the remainder when k is divided by 31?
28
Let f(b) = 2*b**2 - b**3 + b**2 + 5 + b + 2*b**2. What is the remainder when 19 is divided by f(5)?
9
Let h = 9 - -14. Let d = -112 + 124. Calculate the remainder when h is divided by d.
11
Let r = 0 + -5. Let a = r + 14. Calculate the remainder when 17 is divided by a.
8
Let b = 46 + -18. Let v(k) = -k + 8. Let a be v(7). Let d = 9 + a. Calculate the remainder when b is divided by d.
8
Let j = -11 + 20. Suppose 2*c - 3*r - 1 = 0, 2*r + j = 4*c - 5. What is the remainder when 17 - (2 + (4 - 3)) is divided by c?
4
Let t be -1 + (0 + 1)*-5. Let i = -1 + t. Let z = -5 - i. What is the remainder when z is divided by 2?
0
Let u = 40 + -46. Suppose 0 = -4*a - 5*q + 73, 5*a - 77 - 13 = -5*q. Let l = u + a. Calculate the remainder when 20 is divided by l.
9
Let n(l) = l**2 - 13*l - 4. Let q(s) = s**2 - 13*s - 4. Let z(i) = -6*n(i) + 5*q(i). What is the remainder when 65 is divided by z(10)?
31
Let n be (39/(-4))/(3/(-12)). Suppose -2*o - o = -n. What is the remainder when o is divided by 2 - ((-2)/2 - 2)?
3
Suppose 25 + 9 = 2*o. Calculate the remainder when 32 is divided by o.
15
Let d = -153 + 408. Suppose 4*m - d = -m. Let q = -32 + m. Calculate the remainder when 55 is divided by q.
17
What is the remainder when 70 is divided by -1 + -2 - (-22 + 1)?
16
Let z(b) = -b - 1. Let p(g) = -6*g - 1. Let h(k) = -p(k) + 5*z(k). Let s be h(4). Suppose 2*f - 32 - 12 = s. What is the remainder when f is divided by 8?
6
Let z = 17 + -4. What is the remainder when 33 is divided by z?
7
Let i be 16/(-2) + 22 + -18. Let w = 19 + i. What is the remainder when 43 is divided by w?
13
Let x = -119 - -189. Calculate the remainder when x is divided by 18.
16
Let y(m) = 3*m + 4. Let n be y(5). Let c be n + -2 - -2*1. Let b = c + -12. Calculate the remainder when b is divided by 3.
1
Let h = -7 + 12. Suppose 4*j - h = -j. What is the remainder when j is divided by 1?
0
Let d(o) be the second derivative of o**4/12 + o**3/2 + 3*o**2/2 + 4*o. Calculate the remainder when 4 is divided by d(-3).
1
Let w = 7 + -4. Suppose -3*b = -4*g + 6, 0 = 2*b + b - w*g + 3. Let n = 3 + -2. Calculate the remainder when b is divided by n.
0
Suppose 0 = -2*b - 2*c + 256, -5*c = -5*b - 6*c + 628. What is the remainder when b is divided by 32?
29
Suppose -5*z = 5, 3*x + 0*x - 4*z = 4. Suppose x = s + s - 28. What is the remainder when 26 is divided by s?
12
Suppose z - 2 + 5 = 0, -4*f - 4*z + 116 = 0. Suppose 0 = -4*y + 30 + 14. What is the remainder when f is divided by y?
10
Calculate the remainder when 98 is divided by (-12)/(-24) + 49/2.
23
Let b = 2 - -1. Calculate the remainder when 9 is divided by b.
0
Let n = 85 + -59. Suppose 0 = -2*b - n + 82. Suppose 4*x = x - 3*h, 0 = -3*x + 4*h + b. Calculate the remainder when x is divided by 2.
0
Suppose -7*o = 34 - 293. Calculate the remainder when o is divided by 14.
9
What is the remainder when 2/(3/34*28/21) is divided by 4?
1
Let u = 11 - 8. Suppose u*b - 3*s = -1 + 10, -3*s = -4*b + 14. Let a(d) = -d**2 + 8*d + 1. Calculate the remainder when a(6) is divided by b.
3
Let q(p) = -2*p - 4*p + 4 + 3*p. Calculate the remainder when 30 is divided by q(-4).
14
Let l be ((-2)/2)/((-5)/(-245)). Let i = 69 + l. Calculate the remainder when 58 is divided by i.
18
Suppose -4*k + 509 = 4*g + k, -237 = -2*g + k. What is the remainder when g is divided by 31?
28
Calculate the remainder when 6/(8 - 2) - (-2 + -64) is divided by 34.
33
Let d be (1/(-2))/((-8)/48). Suppose 9 = -5*h + d*f + 72, 0 = 2*h - 4*f - 14. Calculate the remainder when 44 is divided by h.
14
What is the remainder when 132 is divided by 27 - -2 - (-8)/(-4)?
24
Suppose z + 655 = 6*z. What is the remainder when z is divided by 12?
11
Let x = -9 + 20. Let h(u) = 16*u**2 - 5*u - 1. Calculate the remainder when h(2) is divided by x.
9
Suppose -4*l = 4*g - 11 - 9, 0 = 5*l - 4*g - 25. What is the remainder when 14 - (3 + -1)/2 is divided by l?
3
Suppose 2*w - 221 = -3*w - 2*j, -3*w = 4*j - 141. What is the remainder when w is divided by 23?
20
Suppose 9*q - 4*q = 0. Suppose r + 3*r - 184 = q. What is the remainder when r is divided by 16?
14
Suppose 0 = 5*a - 42 + 37. What is the remainder when 2 is divided by a?
0
Suppose 0 = 9*b - 41 - 121. What is the remainder when 51 is divided by b?
15
Let n(x) = -9*x - 21. Let h(a) = 5*a + 10. Let y(g) = 7*h(g) + 3*n(g). Calculate the remainder when y(6) is divided by 1*-6 + 3 + 22.
17
Suppose -6*o + 4*o + 30 = p, 5*p + 2*o = 166. What is the remainder when p is divided by 18?
16
Suppose f + 106 = 2*c, 4*c - 94 = -5*f + 118. What is the remainder when c is divided by 27?
26
Let h(l) = -l**3 - 3*l - 2. Let v be 12/(-5) - (-4)/10. Calculate the remainder when 23 is divided by h(v).
11
Let x = -347 - -583. Suppose 169 = -5*s - x. Let m = s + 126. What is the remainder when m is divided by 12?
9
Suppose v + 22 = 5*v + 2*a, 1 = a. Suppose -40 + 0 = -v*f. What is the remainder when f is divided by 5?
3
Suppose -4*b + 101 = c, 0 = -5*b + 3*c - 6 + 145. Suppose -5*a + 3*m = 21, 3 + 7 = 5*m. Calculate the remainder when b is divided by 6/a*21/(-6).
5
Suppose 2*y + 8 = 4*y - 4*s, 2*y + 2*s = -4. Suppose y*h = 3*h - 24. Calculate the remainder when 31 is divided by h.
7
Let q(y) be the first derivative of -y**4/4 + 5*y**3/3 + 4*y**2 - 4*y - 2. Let v be q(6). What is the remainder when (-1 - (-58)/v)*4 is divided by 13?
12
Suppose 0*a + 3*a + g = 37, 5*g = 5. Calculate the remainder when 22 is divided by a.
10
Let o = 18 - 10. What is the remainder when (0 - -1)/(1/31) is divided by o?
7
Let h = -44 - -62. What is the remainder when 68 is divided by h?
14
Let t(n) = -3*n + 9. Let z be t(7). Let a = z - -25. Let c(g) = g**2 - 3*g + 3. Calculate the remainder when a is divided by c(4).
6
Let l(f) = -f**2 + 9*f - 6. Let r(j) = 2*j**2 - 2*j - 7. Calculate the remainder when l(4) is divided by r(3).
4
Suppose 3*w - 7*w = -56. What is the remainder when 25 i